011?
-101000010101010111001010100
In base 8, what is -51 + -733241?
-733312
In base 3, what is -2211102202110212 - 12?
-2211102202111001
In base 3, what is 122110 + -121122102?
-120222222
In base 6, what is 33 - 5535213531?
-5535213454
In base 9, what is -185620 - 5403?
-202123
In base 8, what is -116 + -2327544?
-2327662
In base 7, what is -132155 + -10320?
-142505
In base 5, what is -313 + 330202321?
330202003
In base 5, what is -10 - -444232242?
444232232
In base 16, what is b3 - 19c07?
-19b54
In base 3, what is 12020202021212 + -11121?
12020202010021
In base 14, what is -6 - -1959b?
19595
In base 6, what is -1300003 - -1041?
-1254522
In base 10, what is -5 - -3785566?
3785561
In base 14, what is 2d + 1b55d?
1b58c
In base 11, what is -24837 - 254?
-24a90
In base 10, what is 0 - -4275927?
4275927
In base 15, what is 10 - -68ac2b?
68ac3b
In base 9, what is -10838 + -101435?
-112374
In base 8, what is 317024504 - 4?
317024500
In base 15, what is e55551 - -3d?
e5558e
In base 5, what is -121 + 4014013000?
4014012324
In base 4, what is -23330010132 + -302?
-23330011100
In base 6, what is 1341004 - 1355?
1335205
In base 12, what is -10bb3536 + -9?
-10bb3543
In base 12, what is 1610977 - 3?
1610974
In base 9, what is -2668877 + -2?
-2668880
In base 14, what is -14 - -3a5c0c?
3a5bd8
In base 3, what is -21 + 110021012101?
110021012010
In base 16, what is 2 - 87c809?
-87c807
In base 3, what is -11 - 10011021210211?
-10011021210222
In base 13, what is -b - 1b14090?
-1b1409b
In base 11, what is 8 + 45136a0?
45136a8
In base 6, what is 111432 - -3021?
114453
In base 14, what is -3c5191 + -4?
-3c5195
In base 7, what is 1152 + -233300?
-232115
In base 14, what is 45851 + -71?
457c0
In base 5, what is 20334224 - -2000?
20341224
In base 11, what is 4 + 648a44?
648a48
In base 3, what is 221001101020120 + -110?
221001101020010
In base 16, what is -86ff6b + -4?
-86ff6f
In base 9, what is -6102732 - 5?
-6102737
In base 9, what is 11156 + -406?
10650
In base 13, what is 4210c29 + -5?
4210c24
In base 5, what is -22423 - 11124311?
-11202234
In base 15, what is -b39d7 + 1?
-b39d6
In base 4, what is 11 + -20212023221210?
-20212023221133
In base 16, what is ebd59 - -57?
ebdb0
In base 2, what is -100 - -11001010101111000001000111?
11001010101111000001000011
In base 2, what is -101010000010011111 + 111101011001?
-101001000101000110
In base 15, what is 93 + 6360dd?
636181
In base 12, what is -1574344b + -2a?
-15743479
In base 6, what is 3 + 13224442324?
13224442331
In base 3, what is -2201001011 + 12120221?
-2111110020
In base 10, what is 2236922 - -29?
2236951
In base 15, what is 41b9 + 2095?
625e
In base 6, what is 401005 - 1430?
355135
In base 6, what is -4435 + 520034?
511155
In base 11, what is 259216a - 8?
2592162
In base 15, what is 6c + 2958e?
2960b
In base 13, what is -36c1 - -c61?
-2760
In base 3, what is -110 - 201101000122201?
-201101000200011
In base 2, what is 111110001100000 + 11101110001?
1000001111010001
In base 16, what is -b86f7 - -20?
-b86d7
In base 15, what is d - 2c2760?
-2c2752
In base 5, what is -20 - -3433321431?
3433321411
In base 14, what is 804 + 3605?
4009
In base 15, what is -144 + -40c5c?
-40da1
In base 11, what is -37436016 + -3?
-37436019
In base 11, what is 0 - -7321475?
7321475
In base 3, what is -1022100212 + -1221201?
-1101022120
In base 11, what is 1933506 + 1?
1933507
In base 12, what is 3b8a38b - -7?
3b8a396
In base 7, what is -560 + -2356050?
-2356640
In base 6, what is 41313 - 1555213?
-1513500
In base 16, what is -212 - -4de2?
4bd0
In base 8, what is 31727014 - 43?
31726751
In base 6, what is 10511 + 4441315?
4452230
In base 13, what is 4 + 7405cc1?
7405cc5
In base 14, what is -d54 + -b48?
-1a9c
In base 6, what is 414 - 25001011?
-25000153
In base 10, what is -3 - -42627161?
42627158
In base 8, what is -3 - -101535404?
101535401
In base 16, what is c02b + -da?
bf51
In base 7, what is 613634651 - -11?
613634662
In base 14, what is -5a + -83ca?
-8446
In base 16, what is 8 - be5b8?
-be5b0
In base 7, what is 146 + 250351?
250530
In base 13, what is -57 - -82411?
82387
In base 2, what is 101111101101001000100111 - 10?
101111101101001000100101
In base 14, what is 4 - -21b83a8?
21b83ac
In base 5, what is -111314414 + 2?
-111314412
In base 12, what is 1a + 175b82?
175ba0
In base 10, what is 38 - -115136?
115174
In base 6, what is -51511 + -3303?
-55214
In base 7, what is -10515 - 21662?
-32510
In base 7, what is 0 + 1620524124?
1620524124
In base 11, what is -15422837 + -4?
-15422840
In base 16, what is -4 + -367467?
-36746b
In base 15, what is 13cc508 + -33?
13cc4c5
In base 12, what is -392449 + 1?
-392448
In base 10, what is 855931 + 174?
856105
In base 14, what is 6a - -5c43?
5cad
In base 12, what is -37a703 + 11?
-37a6b2
In base 13, what is -554 - 374?
-8c8
In base 3, what is 212 + 100102002202?
100102010121
In base 2, what is -101010000101001111101 + 1100110001?
-101010000011101001100
In base 7, what is -104115 - -45130?
-25655
In base 11, what is -5854607 - -7?
-5854600
In base 7, what is 3 + 426260555?
426260561
In base 12, what is 288b9 - -1534?
2a231
In base 11, what is -14 - -19913a7?
1991393
In base 6, what is 1304 + -2340135?
-2334431
In base 16, what is -2331504 + d?
-23314f7
In base 6, what is -442 + 345540110?
345535224
In base 8, what is -307756 - 17?
-307775
In base 4, what is 11002201 - -11102?
11013303
In base 3, what is -202021000101 - -1021?
-202020222010
In base 13, what is 18 - -375c268?
375c283
In base 10, what is 15276 + 25088?
40364
In base 12, what is 1 + 156653?
156654
In base 10, what is 2406763 - -122?
2406885
In base 8, what is -415 + -55254?
-55671
In base 5, what is -342122410 - -23?
-342122332
In base 15, what is 9 + b188e?
b1898
In base 8, what is 252 - 244706?
-244434
In base 6, what is 1045455323342 + -3?
1045455323335
In base 5, what is -10021244023 - 12?
-10021244040
In base 13, what is -18 - -aa88b?
aa873
In base 6, what is 214203514 - -50?
214204004
In base 11, what is -8 + 279737?
27972a
In base 5, what is -131331441 - 12200?
-131344141
In base 11, what is 6454 + 325?
6779
In base 3, what is -21012022210 - -1110011?
-21010212122
In base 13, what is -1 - -6a380b?
6a380a
In base 13, what is -6921238 - 0?
-6921238
In base 5, what is -34 + 23043010?
23042421
In base 14, what is 23c8 - 48285?
-45c9b
In base 10, what is 85 + -1133247?
-1133162
In base 7, what is 3 - 203112?
-203106
In base 16, what is 3e6b74 - -7?
3e6b7b
In base 15, what is -1d0cb1 - 49?
-1d0d0a
In base 4, what is 2002 + -23210123?
-23202121
In base 16, what is 483 + -60d1?
-5c4e
In base 8, what is -51 + -221627?
-221700
In base 10, what is -112475306 + 5?
-112475301
In base 6, what is -10 + 22130532542?
22130532532
In base 15, what is 434 + -3758?
-3324
In base 14, what is 4 - 2b172?
-2b16c
In base 6, what is 3354300 - 4?
3354252
In base 4, what is -3101122 - -3203330?
102202
In base 6, what is 24533405450 + 4?
24533405454
In base 11, what is 61295 - 2323?
59a72
In base 16, what is 3ff3 - 2c2?
3d31
In base 9, what is 7088 + -28833?
-21734
In base 10, what is 3488412 - -149?
3488561
In base 4, what is 212301 - -131313?
1010220
In base 16, what is -4a02 + -109c?
-5a9e
In base 14, what is -4bc + d961?
d483
In base 7, what is -14313533 + -62?
-14313625
In base 6, what is -1545530 + -21000?
-2010530
In base 6, what is -4 + 1434140554?
1434140550
In base 6, what is 114520 - 2352221?
-2233301
In base 5, what is -1200201 - -2341?
-1142310
In base 13, what is 51078 - 24ca?
4b87b
In base 11, what is 703653 + -4?
70364a
In base 15, what is 3 + -2890e2?
-2890de
In base 2, what is 100001110011010010 + 10011000?
100001110101101010
In base 4, what is 1022030203122 + -1?
1022030203121
In base 3, what is -10012020222 + 12211?
-10012001011
In base 3, what is -202100 + 1021212110?
1021010010
In base 8, what is -164376 + -2026?
-166424
In base 5, what is -12 + 1224403144?
1224403132
In base 2, what is -1010 + -1010101110110101101011010?
-1010101110110101101100100
In base 9, what is 41 - -486777?
486828
In base 11, what is 732a1260 + -5?
732a1256
In base 4, what is -2311231211 - 33?
-2311231310
In base 15, what is -7ce + -b83?
-1462
In base 13, what is -29951c - -7?
-299515
In base 8, what is -3254 - 111276?
-114552
In base 7, what is 115145104 - 1?
